ighest common factor of u and 6?
6
Let t(g) = -g + 7. Let s be t(-5). Suppose 0 = 5*r - 55, 47 = 293*v - 294*v + 5*r. What is the highest common divisor of v and s?
4
Suppose 5*t + 5*a - 48 = 512, t + 3*a = 104. What is the highest common divisor of t and 3364?
116
Suppose 5*v - 97 = 163. Suppose 49*o - v*o = -21. Calculate the greatest common divisor of o and 7.
7
Suppose 4*t = -5*h + 1051, 2 = -4*t - 2. Let f = h + -189. Calculate the highest common divisor of f and 341.
11
Suppose -4*r + 5*n + 396 = -1091, -n + 1895 = 5*r. Let b = r + -330. Calculate the highest common factor of b and 80.
16
Suppose 3*a = 5*n + 2333, -5*a + 2370 + 1465 = 5*n. Let o = -764 + a. Calculate the greatest common divisor of o and 91.
7
Let x = 297 + -136. Let y be x/(-3) + (-12)/36. Let g = -12 - y. What is the greatest common divisor of 63 and g?
21
Suppose -6*a + 2*r - 92 = -2*a, 112 = -4*a - 3*r. Let t = a - -193. Calculate the greatest common factor of t and 21.
21
Suppose 0 = -2*a + 10, 4*d - a = -3*a + 174. Let o(h) = 4*h**2 + 63*h - 39. Let k be o(-18). What is the greatest common factor of k and d?
41
Let w be 78/(7/(14/3)). Suppose 12*p = 8462 - 1598. Calculate the greatest common factor of p and w.
52
Suppose 11*s = 6*s + 595. Let q = s + -117. Suppose 2*j + d - 287 = 0, 7*d - q*d = -2*j + 291. Calculate the greatest common factor of 13 and j.
13
Suppose 2*k = -650 + 2626. Suppose 11*z - 90 = k. Let f be z*(20/8)/5. What is the highest common factor of 7 and f?
7
Let m = -191 + 196. Let r(x) = 2*x**2 - 2*x - 13. Let t be r(m). Suppose 15 = n + 6. Calculate the greatest common divisor of n and t.
9
Suppose 0 = 29*i - 32*i + 36. Let j be 1364 + i/(-3) + 0. Suppose -5*m + j = 5*m. Calculate the greatest common factor of 34 and m.
34
Let n = 1145 + -1130. Suppose 5*x - x = 8. Suppose 0 = -x*z + n + 35. Calculate the highest common divisor of 10 and z.
5
Suppose -15*j + 17*j = 66. Let p be 138/j + (-6)/33. Suppose -6*b - 124 + 412 = 0. What is the greatest common factor of p and b?
4
Suppose 5630 + 42439 = 327*n. What is the greatest common divisor of 1365 and n?
21
Suppose -32*n - 171 + 2187 = 0. Calculate the highest common divisor of 72 and n.
9
Suppose 49*f - 1985 = -773 + 2218. What is the highest common factor of 238 and f?
14
Let j be (3 + -4)/(22/4356)*(2 + -6). Calculate the greatest common divisor of 176 and j.
88
Let u(c) = -c**3 + 7*c**2 + 3*c + 14. Let x be u(7). Suppose -s + 3*a + 6 = 2, 3*a = -2*s + 17. Calculate the greatest common divisor of s and x.
7
Suppose -5*k = -2*i + 46, -3*i + 41 = -k - 41. Let h = 18 + -40. Let m be 2760/66 + -4*1/h. What is the highest common factor of i and m?
14
Let z be 45/25*(-15)/(-2)*1540/70. What is the greatest common factor of z and 18?
9
Let z = 504 + -317. Let n be (-12 + 4 + 7 - -12) + 902/82. What is the highest common divisor of z and n?
11
Suppose 0 = 2*h - 4*r - 4, -2*r = 5*h + 4*r - 26. Suppose -5*z + 879 = 3*o - 727, -h*o = -3*z + 981. Calculate the greatest common divisor of z and 76.
19
Let x be 9/144*16 + (1 - 143)/(-2). What is the greatest common divisor of x and 2988?
36
Let w be -15*50/6375 - (-1158)/17. Calculate the highest common divisor of w and 2788.
68
Let o = 88 - 88. Suppose -r - 10*r + 132 = o. Let g be (-1 + 3)*-1 + 32. What is the greatest common divisor of r and g?
6
Let z(v) = -v**3 + 3*v**2 + 12*v - 4. Let m be (-1)/(-2)*112/14. Let y be z(m). What is the highest common factor of y and 49?
7
Suppose 6*u + 12 = 10*u. Suppose 5*x - 8*x = -3*z, z + u*x - 8 = 0. What is the highest common factor of z and 182?
2
Let c = 187 + 11007. What is the highest common factor of 58 and c?
58
Let h(m) = m**3 - 9*m**2 + m - 4. Let z be h(9). Suppose -n = s - 19, z*s = 7*s - 2. What is the greatest common factor of n and 6?
6
Let u be 179/2 - (-4 + -2)*(-8)/(-32). Calculate the greatest common factor of 1196 and u.
13
Suppose 336*t - 291*t - 80190 = 0. What is the greatest common divisor of t and 486?
162
Let c(n) = -207*n**3 - 3*n - 2. Let a be -3 + (-30)/(-6) + (-6)/2. Let w be c(a). Calculate the greatest common divisor of w and 78.
26
Let u = 96 - 48. Suppose -2*v + 4*f = -220 - 204, -f + 1038 = 5*v. Calculate the highest common divisor of u and v.
16
Let h(m) = m**2 + 7*m - 5. Let f be h(-7). Let d = 26 - f. Suppose p - d = -15. What is the greatest common factor of 8 and p?
8
Suppose 44 - 20 = -4*j. Let v = j - -30. Let f be (-18 + 1 + -7)*(-6)/9. Calculate the greatest common factor of v and f.
8
Suppose 19*g - 16*g - 255 = 0. Let h = g + -83. Suppose 3*x + h*x = 555. Calculate the greatest common divisor of 37 and x.
37
Let k = 2687 - 2120. Calculate the highest common factor of k and 7.
7
Let f(r) = 41*r - 122 + 164 - 186. Let v be f(7). Calculate the highest common factor of v and 78.
13
Let p = 0 - -3. Suppose -2*j - 4*v = -66, 4*j = p*j - v + 37. Suppose -s - 4*c + 94 = 0, -4*s - 2*c - 3 = -337. Calculate the highest common factor of j and s.
41
Let r = 605 - 180. Suppose -914*q + 825 = -881*q. What is the highest common divisor of r and q?
25
Let k = 51 - -12. Suppose 0 = 6*q + 2*q + 32. Let b be 9*((-1)/q)/((-3)/(-12)). What is the highest common divisor of k and b?
9
Let d be 2*(1 - (-52)/8). Calculate the highest common factor of d and 105.
15
Let q be -2 + (0 - 0/(-5)). Let z(y) = -16*y**3 - 2*y - 3*y**3 - 2 - y. Let k be z(q). What is the highest common divisor of 12 and k?
12
Let k(o) be the first derivative of o**4/4 + 8*o**3/3 - 6*o**2 - 13*o + 26. Let h be k(-11). Let v = h + 548. Calculate the greatest common divisor of v and 38.
38
Suppose 61*a - 17*a - 2816 = 0. What is the greatest common factor of a and 124?
4
Suppose 124*k - 23554 = 7*k - 739. Let h(j) = 2*j**2 + 3*j - 4. Let t be h(-3). What is the highest common divisor of k and t?
5
Let g be 5 + 30/14*(22 - -41). What is the highest common divisor of g and 4445?
35
Let q(c) = 11*c - 202. Let o be q(22). Let z be 17/(o/(-25)*-2 - 3). Calculate the greatest common divisor of z and 17.
17
Let r = -9366 - -9444. What is the highest common factor of 5421 and r?
39
Let p(v) = -22*v - 174. Let o be p(-8). Let s be ((-9 - o) + -2)*-1. Calculate the highest common factor of 4 and s.
1
Let z be (17 + -13)*(1 + 17). Let c = z + -8. Let t be 26/169 - 206/(-13). Calculate the highest common factor of t and c.
16
Let u be ((-4)/(-3))/4*(-147378)/(-22). What is the greatest common divisor of u and 77?
77
Let k = -853 - -904. Let u(v) = -v**3 + 7*v**2 + 6*v + 9. Let t be u(7). What is the greatest common divisor of t and k?
51
Suppose 155*j - 1118992 = -89*j - 144700. Calculate the greatest common factor of j and 66.
33
Suppose 2111*h = 1964*h + 3528. Calculate the highest common divisor of h and 15968.
8
Let c(y) = 81 + 49 + 69 + 8*y. Let r be c(-22). Calculate the highest common divisor of r and 667.
23
Let c = -128 + 132. Suppose -c*z - 3*z = -105. What is the highest common factor of 10 and z?
5
Let z(m) = 368*m + 2280. Let c be z(-6). Suppose -70 = -5*p + 65. Calculate the greatest common factor of c and p.
9
Let y(j) = -29*j**2 + 10*j + 16. Let v be y(-2). Let n be (9/21 + v/56)*-7. Let h be (-2)/4 - (-74)/4. What is the highest common divisor of h and n?
6
Suppose 5*j = 9*j - 2*n - 32, 0 = 3*j - 2*n - 22. Let a = -299 - -529. What is the highest common divisor of j and a?
10
Suppose 4*s - 54 - 394 = 0. Suppose 7*y - s = -0*y. Calculate the greatest common factor of y and 32.
16
Let p = -133 + 153. Let d be (8/p)/((-7)/35). Let z be d/(-19) - ((-320)/(-152) - 7). Calculate the greatest common divisor of 40 and z.
5
Let m(a) = -20*a + 312. Let f be m(13). Let k(t) = t + 3. Let u be k(0). Suppose -2*c + u = -5. Calculate the greatest common divisor of c and f.
4
Suppose 12*l - 13*l = -55. Suppose 10*c - c - 1881 = 0. Suppose 0 = -3*f + 22*f - c. Calculate the highest common factor of l and f.
11
Let r(u) be the second derivative of -u**3/3 + 31*u**2/2 + 31*u. Let b be r(-4). Let z = b - -6. What is the highest common divisor of z and 90?
45
Let j = 121 + -111. Suppose -72 = 5*f + 3*f. Let w = 99 + f. What is the highest common factor of j and w?
10
Let l = 21768 + -15165. What is the highest common factor of 93 and l?
93
Let g = -18554 + 18840. Calculate the greatest common divisor of g and 10153.
143
Let o = 5256 + -5141